{"id":3672,"date":"2025-11-19T13:00:26","date_gmt":"2025-11-19T13:00:26","guid":{"rendered":"https:\/\/ccopiajm.com\/producto\/organic-face-scrub\/"},"modified":"2026-03-31T13:07:50","modified_gmt":"2026-03-31T13:07:50","slug":"organic-face-scrub","status":"publish","type":"product","link":"https:\/\/ccopiajm.com\/?product=organic-face-scrub","title":{"rendered":"Impresi\u00f3n 3D Personalizada"},"content":{"rendered":"<p data-start=\"326\" data-end=\"454\">La <strong data-start=\"329\" data-end=\"345\">impresi\u00f3n 3D<\/strong> permite crear piezas f\u00edsicas a partir de un dise\u00f1o digital, con gran precisi\u00f3n y adaptadas a cada necesidad.<\/p>\n<p data-start=\"456\" data-end=\"606\">Es una soluci\u00f3n vers\u00e1til tanto para proyectos personales como para usos t\u00e9cnicos, permitiendo fabricar desde objetos simples hasta piezas funcionales.<\/p>\n","protected":false},"excerpt":{"rendered":"<p data-start=\"186\" data-end=\"293\">Fabricaci\u00f3n de piezas en 3D a medida, ideal para prototipos, repuestos, proyectos y objetos personalizados.<\/p>\n","protected":false},"featured_media":5647,"comment_status":"open","ping_status":"closed","template":"","meta":{"_uag_custom_page_level_css":"","site-sidebar-layout":"default","site-content-layout":"default","ast-site-content-layout":"default","site-content-style":"default","site-sidebar-style":"default","ast-global-header-display":"","ast-banner-title-visibility":"","ast-main-header-display":"","ast-hfb-above-header-display":"","ast-hfb-below-header-display":"","ast-hfb-mobile-header-display":"","site-post-title":"","ast-breadcrumbs-content":"","ast-featured-img":"","footer-sml-layout":"","theme-transparent-header-meta":"default","adv-header-id-meta":"","stick-header-meta":"","header-above-stick-meta":"","header-main-stick-meta":"","header-below-stick-meta":"","astra-migrate-meta-layouts":"set","ast-page-background-enabled":"default","ast-page-background-meta":{"desktop":{"background-color":"","background-image":"","background-repeat":"repeat","background-position":"center center","background-size":"auto","background-attachment":"scroll","background-type":"","background-media":"","overlay-type":"","overlay-color":"","overlay-opacity":"","overlay-gradient":""},"tablet":{"background-color":"","background-image":"","background-repeat":"repeat","background-position":"center center","background-size":"auto","background-attachment":"scroll","background-type":"","background-media":"","overlay-type":"","overlay-color":"","overlay-opacity":"","overlay-gradient":""},"mobile":{"background-color":"","background-image":"","background-repeat":"repeat","background-position":"center center","background-size":"auto","background-attachment":"scroll","background-type":"","background-media":"","overlay-type":"","overlay-color":"","overlay-opacity":"","overlay-gradient":""}},"ast-content-background-meta":{"desktop":{"background-color":"var(--ast-global-color-5)","background-image":"","background-repeat":"repeat","background-position":"center center","background-size":"auto","background-attachment":"scroll","background-type":"","background-media":"","overlay-type":"","overlay-color":"","overlay-opacity":"","overlay-gradient":""},"tablet":{"background-color":"var(--ast-global-color-5)","background-image":"","background-repeat":"repeat","background-position":"center center","background-size":"auto","background-attachment":"scroll","background-type":"","background-media":"","overlay-type":"","overlay-color":"","overlay-opacity":"","overlay-gradient":""},"mobile":{"background-color":"var(--ast-global-color-5)","background-image":"","background-repeat":"repeat","background-position":"center center","background-size":"auto","background-attachment":"scroll","background-type":"","background-media":"","overlay-type":"","overlay-color":"","overlay-opacity":"","overlay-gradient":""}},"_kadence_starter_templates_imported_post":false},"product_brand":[],"product_cat":[22],"product_tag":[],"class_list":{"0":"post-3672","1":"product","2":"type-product","3":"status-publish","4":"has-post-thumbnail","6":"product_cat-imprenta","7":"desktop-align-center","8":"tablet-align-center","9":"mobile-align-center","11":"first","12":"instock","13":"shipping-taxable","14":"purchasable","15":"product-type-simple"},"uagb_featured_image_src":{"full":["https:\/\/ccopiajm.com\/wp-content\/uploads\/2026\/01\/10001-8.jpg",1060,1514,false],"thumbnail":["https:\/\/ccopiajm.com\/wp-content\/uploads\/2026\/01\/10001-8-150x150.jpg",150,150,true],"medium":["https:\/\/ccopiajm.com\/wp-content\/uploads\/2026\/01\/10001-8-210x300.jpg",210,300,true],"medium_large":["https:\/\/ccopiajm.com\/wp-content\/uploads\/2026\/01\/10001-8-768x1097.jpg",768,1097,true],"large":["https:\/\/ccopiajm.com\/wp-content\/uploads\/2026\/01\/10001-8-717x1024.jpg",717,1024,true],"1536x1536":["https:\/\/ccopiajm.com\/wp-content\/uploads\/2026\/01\/10001-8.jpg",1060,1514,false],"2048x2048":["https:\/\/ccopiajm.com\/wp-content\/uploads\/2026\/01\/10001-8.jpg",1060,1514,false],"woocommerce_thumbnail":["https:\/\/ccopiajm.com\/wp-content\/uploads\/2026\/01\/10001-8-800x800.jpg",800,800,true],"woocommerce_single":["https:\/\/ccopiajm.com\/wp-content\/uploads\/2026\/01\/10001-8-700x1000.jpg",700,1000,true],"woocommerce_gallery_thumbnail":["https:\/\/ccopiajm.com\/wp-content\/uploads\/2026\/01\/10001-8-100x100.jpg",100,100,true]},"uagb_author_info":{"display_name":"c.copiajmaria@gmail.com","author_link":"https:\/\/ccopiajm.com\/?author=0"},"uagb_comment_info":0,"uagb_excerpt":"Fabricaci\u00f3n de piezas en 3D a medida, ideal para prototipos, repuestos, proyectos y objetos personalizados.","_links":{"self":[{"href":"https:\/\/ccopiajm.com\/index.php?rest_route=\/wp\/v2\/product\/3672","targetHints":{"allow":["GET"]}}],"collection":[{"href":"https:\/\/ccopiajm.com\/index.php?rest_route=\/wp\/v2\/product"}],"about":[{"href":"https:\/\/ccopiajm.com\/index.php?rest_route=\/wp\/v2\/types\/product"}],"replies":[{"embeddable":true,"href":"https:\/\/ccopiajm.com\/index.php?rest_route=%2Fwp%2Fv2%2Fcomments&post=3672"}],"wp:featuredmedia":[{"embeddable":true,"href":"https:\/\/ccopiajm.com\/index.php?rest_route=\/wp\/v2\/media\/5647"}],"wp:attachment":[{"href":"https:\/\/ccopiajm.com\/index.php?rest_route=%2Fwp%2Fv2%2Fmedia&parent=3672"}],"wp:term":[{"taxonomy":"product_brand","embeddable":true,"href":"https:\/\/ccopiajm.com\/index.php?rest_route=%2Fwp%2Fv2%2Fproduct_brand&post=3672"},{"taxonomy":"product_cat","embeddable":true,"href":"https:\/\/ccopiajm.com\/index.php?rest_route=%2Fwp%2Fv2%2Fproduct_cat&post=3672"},{"taxonomy":"product_tag","embeddable":true,"href":"https:\/\/ccopiajm.com\/index.php?rest_route=%2Fwp%2Fv2%2Fproduct_tag&post=3672"}],"curies":[{"name":"wp","href":"https:\/\/api.w.org\/{rel}","templated":true}]}}